
In base 5, what is 231014022414 - 4?
231014022410
In base 16, what is 79 - -f6da?
f753
In base 6, what is 1040 + -243343102?
-243342022
In base 8, what is 175661 - 33?
175626
In base 10, what is 40 + 80372?
80412
In base 8, what is 14016752 - 14?
14016736
In base 12, what is -129 - -10328ba?
1032791
In base 8, what is -1051 + 441014?
437743
In base 16, what is -1 + -8b4508a?
-8b4508b
In base 14, what is -72d087 - cb?
-72d174
In base 8, what is 165 + 324?
511
In base 7, what is 13210 - 45004?
-31464
In base 10, what is 339080 + 3?
339083
In base 12, what is -1a5a1 - -a59?
-19744
In base 6, what is -1133 - 124503?
-130040
In base 11, what is -549 + 13214?
12776
In base 11, what is 25 + 442005?
44202a
In base 3, what is -22101111202 - -1122?
-22101110010
In base 9, what is 17872 - -1561?
20543
In base 3, what is -2010011 - -101001121?
21221110
In base 6, what is 11101103324 + 5?
11101103333
In base 10, what is 293774424 - 2?
293774422
In base 11, what is -26 - 126906?
-126931
In base 10, what is -165 - -1023587?
1023422
In base 16, what is 31fa65 - 0?
31fa65
In base 13, what is 989 + 1b4a?
2806
In base 7, what is 23 + 10041653?
10042006
In base 13, what is -3629c + -72?
-36341
In base 2, what is -1001100100 - -101101110000110101?
101101100111010001
In base 11, what is -4a42 + -73?
-5005
In base 8, what is -2 - 116253423?
-116253425
In base 3, what is 1010121010210222 + -112?
1010121010210110
In base 12, what is -4 - -31793209?
31793205
In base 16, what is -7 + 284a2?
2849b
In base 7, what is 12446452 + 60?
12446542
In base 6, what is -2 + 114521230?
114521224
In base 15, what is -1c9 + 16b857?
16b67d
In base 3, what is 210202020110220221 + 1?
210202020110220222
In base 15, what is 2c065 + 7c?
2c0e2
In base 5, what is -32 - -20120433010?
20120432423
In base 11, what is 1091a + 1458?
12277
In base 7, what is 1014 + -55060611?
-55056564
In base 8, what is -22 + 163326?
163304
In base 9, what is -17 + -3828630?
-3828647
In base 15, what is 3d533 + -190?
3d393
In base 6, what is -12 - -3122350103?
3122350051
In base 7, what is -6604 - -3012?
-3562
In base 13, what is 10434c - -2c?
10437b
In base 4, what is 11022222 - -2321?
11031203
In base 9, what is -16 + 43154?
43137
In base 15, what is 1 + -1bed7a?
-1bed79
In base 3, what is -10211220 - -12122000?
1210010
In base 12, what is -9852 + -646?
-a298
In base 12, what is -6450a3 + -69?
-645150
In base 15, what is -14e7ab7 - -15?
-14e7aa2
In base 8, what is -10513157 + 22?
-10513135
In base 14, what is 3a6ba - 101?
3a5b9
In base 14, what is 39d625d4 - 2?
39d625d2
In base 6, what is -41222 + -11522?
-53144
In base 5, what is -22234 + -402004?
-424243
In base 9, what is -1423 + 1176?
-236
In base 15, what is -5 - 27970?
-27975
In base 3, what is 12 - -2010211021000102?
2010211021000121
In base 15, what is -1016a43 + 8?
-1016a3a
In base 6, what is 3 - -1521030204?
1521030211
In base 16, what is 15c6d7b - a?
15c6d71
In base 4, what is -120 + -1121112311?
-1121113031
In base 9, what is 3 - -4831783?
4831786
In base 6, what is -54200 + 523?
-53233
In base 10, what is -1169302 - 2?
-1169304
In base 9, what is -13712115 - -3?
-13712112
In base 2, what is -1010001011110101110011001 + 11?
-1010001011110101110010110
In base 5, what is -301320034 + -2?
-301320041
In base 10, what is 2 + 14029146?
14029148
In base 12, what is -13132404 + 2?
-13132402
In base 8, what is 10132367 + 2?
10132371
In base 7, what is 152331 - 3121?
146210
In base 15, what is 1582e + 96?
158c5
In base 4, what is 203232011232 - 2?
203232011230
In base 14, what is -5 - 77a6592?
-77a6597
In base 15, what is 99d + -18548?
-17a9a
In base 3, what is -21221 - -2201?
-12020
In base 14, what is -1 + 5b77d9?
5b77d8
In base 14, what is 3c2227 + -2?
3c2225
In base 13, what is 4 - 3a73807a?
-3a738076
In base 7, what is -151021 + -1552?
-152603
In base 7, what is -3535054 - 210?
-3535264
In base 11, what is 4876670 - -11?
4876681
In base 6, what is -2 - 303330102?
-303330104
In base 16, what is 2 - b450?
-b44e
In base 2, what is -11100001 + -10100001100001011?
-10100001111101100
In base 2, what is -101 - 101001001011011110111100?
-101001001011011111000001
In base 13, what is -1 + -3212a0?
-3212a1
In base 12, what is -59 + 139398?
13933b
In base 7, what is 2110664 - 21?
2110643
In base 14, what is 768372b - -4?
7683731
In base 5, what is -22322014020 - -10?
-22322014010
In base 10, what is 230870450 + 6?
230870456
In base 12, what is -3 + 2772536?
2772533
In base 14, what is 3 + -85cd56?
-85cd53
In base 12, what is -20 + -57986?
-579a6
In base 4, what is -3 + 12321321220300?
12321321220231
In base 15, what is e19 - 2775a?
-26841
In base 8, what is 25775 + 601?
26576
In base 9, what is 4533725 - -17?
4533743
In base 3, what is -10 + 2100102110020220?
2100102110020210
In base 11, what is aa141337 + -2?
aa141335
In base 6, what is -312054453 + 252?
-312054201
In base 5, what is 2242312140 - -1?
2242312141
In base 8, what is -4206 + 23762?
17554
In base 9, what is 4 + 118823806?
118823811
In base 16, what is -17d3a6 + -134?
-17d4da
In base 11, what is 79 - -100148?
100216
In base 5, what is 133341023410 - 4?
133341023401
In base 14, what is -95cd - -d3?
-94da
In base 3, what is -111020210110 - -1100?
-111020202010
In base 15, what is -487 - -77005?
76a6d
In base 14, what is -cccd + -a8?
-cd97
In base 3, what is -122 - 1001210100110?
-1001210101002
In base 4, what is 10012120021 - 102?
10012113313
In base 2, what is -11001111010101011001 - 1100111000?
-11001111100010010001
In base 7, what is -42601 - -1000553?
624652
In base 3, what is -12 - 101210212112012?
-101210212112101
In base 11, what is -3 + 907319?
907316
In base 11, what is 1993746 - -10?
1993756
In base 14, what is a7b3 - -2a1?
aa74
In base 9, what is 42778310 - 12?
42778287
In base 11, what is 4125355 + -3?
4125352
In base 2, what is 11 + -1101001010011100001110000000?
-1101001010011100001101111101
In base 5, what is 4 + 14001034214?
14001034223
In base 11, what is -1 - -283a7348?
283a7347
In base 13, what is 11262b - 4b0?
11214b
In base 2, what is -101110001 + -1001001000010111011?
-1001001001000101100
In base 4, what is -32310221301 + -233?
-32310222200
In base 14, what is 1666b6c - -4?
1666b72
In base 11, what is -53a57 - 114a2?
-65449
In base 3, what is 102120 + 2212122102110?
2212122212000
In base 11, what is -44a6 - 91940?
-96336
In base 16, what is 2819 + 1db6?
45cf
In base 8, what is -633277 - -25?
-633252
In base 13, what is 189b - 1850?
4b
In base 8, what is -124370544 - -3?
-124370541
In base 10, what is 68808 - 152?
68656
In base 10, what is 40135 + 172?
40307
In base 6, what is 11423010 + 12?
11423022
In base 12, what is 3a8783 + -25?
3a875a
In base 8, what is 0 - -115620162?
115620162
In base 13, what is 467 - -913a?
95a4
In base 12, what is -28b6623 - -1?
-28b6622
In base 3, what is 20020 - 20010000002?
-20002202212
In base 8, what is 71 + 14703506?
14703577
In base 5, what is -310 + 111004422?
111004112
In base 13, what is -71 + 6cc08?
6cb67
In base 9, what is -56 + -150081?
-150147
In base 14, what is ab99 - -4350?
11109
In base 8, what is 165377142 - -7?
165377151
In base 3, what is -22022021122211 + 111?
-22022021122100
In base 10, what is -33 + -239328?
-239361
In base 10, what is 40353132 + 1?
40353133
In base 15, what is -6266d5 - 25?
-62670a
In base 7, what is 315 - -353644?
354262
In base 13, what is -6ab0a9 - 3?
-6ab0ac
In base 3, what is -110210112 - -1122120?
-102010222
In base 16, what is -2cb1de0 + 2?
-2cb1dde
In base 8, what is -13666576 + -272?
-13667070
In base 9, what is 16 + 4174783?
4174810
In base 7, what is 6636513 + -345?
6636135
In base 6, what is 55542 - -130542?
230524
In base 14, what is 1 + 39119dc?
39119dd
In base 7, what is 303420060 - 5?
303420052
In base 5, what is -421 + -200010323?
-200011244
In base 16, what is -16 + 3d8d1c?
3d8d06
In base 12, what is -39710a - -1?
-397109
In base 10, what is -371 - 31561?
-31932
In base 15, what is -d - 5b2467?
-5b2475
In base 4, what is 112133320 + 233111?
113033031
In base 11, what is 2406895 + 5?
240689a
In base 2, what is -111100110011100111110011010 - -1?
-111100110011100111110011001
In base 9, what is 6617325 - 54?
6617261
In base 5, what is -302134 - -3304?
-243330
In base 15, what is -5 - 883179?
-88317